n**3 + 4*n**2 - n + 7. Let s(d) = -d + 1. Let w(b) = -2*s(b) + z(b). What are the prime factors of w(-3)?
7, 17
Suppose -301*w + 304*w = 1611. What are the prime factors of w?
3, 179
Let i = 7 + 6. Let l = i - 6. Let a(h) = 5*h - 4. List the prime factors of a(l).
31
Let x(c) = 13*c + 123. Let b be x(-9). Suppose -7*j + 172 = -3*j. Suppose -187 = -b*p - j. List the prime factors of p.
2, 3
Let u(c) = c**2 - 6*c + 15. Let n be u(5). Suppose 215 = -n*y + 985. List the prime factors of y.
7, 11
Let x be (100 - -3)*-1*1. Let h = 291 + x. List the prime factors of h.
2, 47
Let x(u) = -u**3 - 20*u**2 + 20*u + 19. Let q be x(-15). What are the prime factors of 13/(-117) - q/18?
2, 3, 13
Let r = -28 - -31. Suppose 0 = -4*w - 2*f + 368, -2*f - 97 = r*w - 371. What are the prime factors of w?
2, 47
Let x(g) = -7*g**3 + 7*g**2 + 2*g + 93. List the prime factors of x(-8).
7, 587
Let o(t) = t**2 - 4*t - 14. Let u be o(6). Let n(a) = -15*a + 4. Let g be n(u). Let j = 10 + g. List the prime factors of j.
2, 11
Suppose 2*h = -24*o + 29*o + 4517, 0 = -5*h - 5*o + 11380. List the prime factors of h.
3, 757
Let r(k) = 3*k - 15. Let q = 10 - 3. Let t be r(q). Suppose -t - 16 = -w. List the prime factors of w.
2, 11
What are the prime factors of 3664/3 + 280/60 + -5?
3, 11, 37
Let i = -10111 - -15830. List the prime factors of i.
7, 19, 43
Suppose -3*c - 2*x = 0, 3*c + x = 2*x + 9. Suppose -2*j + 277 = j - 4*n, j = c*n + 95. What are the prime factors of j?
3, 29
Suppose -11*g = -4*g - 21441. What are the prime factors of g?
3, 1021
Let m(i) = i**2 - 1. Let v(a) = a**3 + a**2 - 3*a - 2. Let b(j) = 2*m(j) - v(j). Let k be b(3). What are the prime factors of 382/18 + 2/k?
3, 7
Let u = 11 - 15. Let k = -166 - -153. Let l = u - k. What are the prime factors of l?
3
Let i(n) = n**3 + 14*n**2 + 17*n - 2. Let y be i(-13). Suppose 6*u = 1 + 5. What are the prime factors of (2/(-4))/(u/y)?
3
List the prime factors of (-1 - 83)*252/(-24).
2, 3, 7
Let w be (6/(-5))/((-8)/(-960)). List the prime factors of 1 - 0 - (w + 11).
2, 67
Let n(t) = 6*t**2 - 8*t + 55. List the prime factors of n(-10).
3, 5, 7
Let b(o) = o**2 - 6*o - 13. Let c be b(-4). Suppose -c*p = -23*p - 36. What are the prime factors of p?
3
Let b = -241 - -657. Suppose -b - 104 = -5*s. Let d = s - 57. What are the prime factors of d?
47
Suppose -4*w + 3*c = 153, -4*w - 115 = 4*c + 73. Let k = 2 - w. What are the prime factors of k?
2, 11
Let o be 37 + -2 + 12/4. Let b be 5*(o/(-10) + 1). Let f = 11 - b. What are the prime factors of f?
5
Suppose 0 = -0*s + s + 10656. Let z be s/(-84)*182/(-4). List the prime factors of (-2)/13 - z/169.
2, 17
Let w = 2 - -9. Let t = w + -5. Suppose -t = -x + 17. What are the prime factors of x?
23
Let x(k) = -12*k + 113. List the prime factors of x(6).
41
Let h(b) = b**3 - 7*b**2 + 15*b - 4. Let y be h(6). Let o(w) = w**3 + 4*w**2 - w - 4. Let x be o(-4). Suppose x = -c - c + y. List the prime factors of c.
5
Let c(t) = 3*t**2 - 6*t + 4. Let h be c(7). Let l = h - 38. What are the prime factors of l?
71
Suppose 2*w - 4*y = 1348, -57*w + 5*y + 674 = -56*w. List the prime factors of w.
2, 337
Let j(r) be the first derivative of r**2 + 29*r + 4. What are the prime factors of j(-12)?
5
Let r(k) = -k**3 - 6*k**2 + 7*k + 14. Let z be r(-4). Let n = z - -119. What are the prime factors of n?
73
Let s be (0 - -1) + 2 - -1. Let d(f) = -5*f**2 + 4*f - 6. Let w(p) = -5*p**2 + 5*p - 5. Let x(l) = 5*d(l) - 6*w(l). What are the prime factors of x(s)?
2, 5
Let p(n) = -n**3 + 8*n**2 - 9*n + 6. Let v(c) = 6*c**2 - c**3 + 4*c**2 - 5*c - 2*c**2 - c**2. Let m be v(6). List the prime factors of p(m).
2, 3
Let r(s) = -2*s**3 + 7*s**2 - 33*s - 191. What are the prime factors of r(-8)?
3, 5, 103
Let p = -248 + 587. List the prime factors of p.
3, 113
Let i(u) = 36*u**2 + 11*u + 38. What are the prime factors of i(8)?
2, 3, 5
Suppose 174*z - 188*z + 2366 = 0. What are the prime factors of z?
13
Suppose 209 = 2*x - 405. Let h = 465 - x. What are the prime factors of h?
2, 79
Suppose 96 = -0*u + 3*u. Let a = u + -64. List the prime factors of (a/(-48))/(4/102).
17
Let u = -53 - -68. Suppose -u*m + 3080 = -4*m. What are the prime factors of m?
2, 5, 7
Suppose l + 7*o - 4550 = 12*o, -3*l - 2*o + 13735 = 0. What are the prime factors of l?
3, 5, 61
Suppose 0 = -3*p - 5*f + 31, 2*p - 5*f = -p - 19. Suppose 5*s - 144 = p*s. Suppose d = -2*l + 24, -s = 4*d - 6*d + 3*l. List the prime factors of d.
2, 3
Let o(t) = -t**2 - 6*t - 8. Let r be o(-5). Let w = -3 - r. Let s(h) = h**2 + h + 40. List the prime factors of s(w).
2, 5
Let m(h) = -2*h + 9. Let b be m(8). Let s(l) be the third derivative of -l**4/24 - 5*l**3/6 - 16*l**2. List the prime factors of s(b).
2
Suppose 0 = 3*w + 34 - 253. Suppose 0 = -4*f - 17 + w. Suppose p = 5*d - f, 2*p = -d + 7*p - 2. What are the prime factors of d?
3
Let v(q) be the third derivative of -q**6/120 - q**5/12 + q**4/24 + q**3 - q**2. List the prime factors of v(-7).
97
Let n = 98 - 199. Let y = -57 - n. List the prime factors of y.
2, 11
Let n(i) be the second derivative of i**5/20 + 2*i**4/3 - 4*i**3/3 + 3*i**2 - 6*i. What are the prime factors of n(-8)?
2, 5, 7
Let l(q) = -13*q + 35. Let f(a) = 66*a - 174. Let n(w) = 2*f(w) + 11*l(w). What are the prime factors of n(-21)?
2, 67
Suppose 59200 - 14018 = 19*c. What are the prime factors of c?
2, 29, 41
Let j(m) = m**2 + 22*m - 1048. List the prime factors of j(38).
2, 7, 11
Let n be (-2 - (-8 + 4))/(2/9). Suppose 5*a - n*a + 308 = 0. What are the prime factors of a?
7, 11
Let v(f) = -9*f + 10. Let p(u) = 5*u - 5. Let m(k) = -7*p(k) - 4*v(k). Let g be 2 - 4 - (0 - 21). List the prime factors of m(g).
2, 7
Suppose -18 = -4*q + c + 7, 0 = -3*q + c + 20. Suppose 2*l = 3*r - 143 - 73, -4*r - q*l + 288 = 0. List the prime factors of r.
2, 3
Let a = 51 - 48. Suppose 4*t = -k + 51, -2*t + 96 = 2*k + a*t. What are the prime factors of k?
43
Let f(d) = 3 - 2*d - 3*d**3 + 0*d**2 + 2*d**3 + 3*d**2. Let l be f(2). Suppose -3*i = -i - l*x - 84, -2*x - 43 = -i. What are the prime factors of i?
3, 13
Let d(r) = 71*r + 294. What are the prime factors of d(20)?
2, 857
Suppose -6 = -3*c + c. Let i(b) = -b**3 + 2*b**2 + b + 4. Let d be i(c). Let k = d + 24. List the prime factors of k.
2, 11
Let m = -4 - -32. Let p = m + 29. What are the prime factors of p?
3, 19
Let t(w) = -3 + 26*w**2 - 13*w**2 + 2*w - w. List the prime factors of t(-2).
47
Let z(u) = 20 + u - 3*u + 0*u. Let s be z(8). What are the prime factors of 1570/40 - 1/s?
3, 13
Suppose -4*q + 3*j + 3187 = 0, q + 0*j = -j + 795. List the prime factors of q.
2, 199
Suppose -5*a - 5*s - 100 = 0, -a - 10 = 3*s + 2. Let l = -17 - a. Let k = -2 + l. What are the prime factors of k?
5
Suppose 3*d - 4*d + 424 = 5*k, d + 171 = 2*k. Suppose -l = 4*v - 36, 2*l + 4*v - k = 7. List the prime factors of l.
2, 7
Let z = 34 - 94. What are the prime factors of 11/(-5) + 2 - 2352/z?
3, 13
Let s(g) = g**3 - 6*g**2 - 12*g + 10. Let q be 18/99 - (-172)/22. List the prime factors of s(q).
2, 3, 7
Suppose 23*p - 780 - 922 = 0. What are the prime factors of p?
2, 37
Let i be (3 - 2) + (-2 - 35). What are the prime factors of i*((-15)/(-10) + -3)?
2, 3
Let s be (-5 - -2)/1 - -1. Let g be (-116)/16*16/s. Suppose -3*z - 4 = -g. List the prime factors of z.
2, 3
Suppose 5*j - 7*j + 3772 = 2*k, k = j - 1888. What are the prime factors of j?
3, 17, 37
Suppose -5*k - 12 = -7*k. Let x(o) = 31*o + 0 - 3 + k*o + 1. List the prime factors of x(1).
5, 7
Let f(a) = 5*a + 1201. What are the prime factors of f(0)?
1201
Let m = 7 + -3. Suppose m*z - 321 - 723 = 0. Suppose -a + 54 = -2*y, -a = 4*a - y - z. What are the prime factors of a?
2, 13
Suppose -10 = -5*t - 2*j - 0*j, 4*t + 2*j = 8. Suppose -f = -t*f + 3. Suppose k + f = 26. What are the prime factors of k?
23
Suppose 26 = 3*q + 2*q - m, -5*m = 5. Suppose -2 + 27 = q*o. List the prime factors of o.
5
Let u(t) = t**3 - 20*t**2 + 20*t - 20. Let g be u(19). What are the prime factors of (-9 - -211)*g/(-2)?
101
Let w(z) = -2*z**2 - 8*z. Let v be w(6). Let q = 182 + v. List the prime factors of q.
2, 31
Let s = -5048 - -7489. List the prime factors of s.
2441
Let l(q) = 4*q**2 - 30*q + 20. What are the prime factors of l(21)?
2, 577
Let d be (-938)/(-77) + 4/(-22). Let i(g)